{"id":54,"date":"2021-03-25T18:20:02","date_gmt":"2021-03-25T18:20:02","guid":{"rendered":"https:\/\/cuccolleges.wpengine.com\/religious-studies\/?page_id=54"},"modified":"2025-08-21T17:34:11","modified_gmt":"2025-08-21T17:34:11","slug":"events","status":"publish","type":"page","link":"https:\/\/colleges.claremont.edu\/religious-studies\/events\/","title":{"rendered":"EVENTS"},"content":{"rendered":"<p>The Claremont Colleges Intercollegiate Religious Studies Program regularly hosts events (lectures, catering, etc.) that allow students, faculty, and staff from the Five Colleges to mingle and foment a strong sense of community. Stay tuned to this page for upcoming events or to learn about past events.<\/p>\n<hr \/>\n<h2>Forthcoming Events<\/h2>\n<hr \/>\n<p>no desertion, but revolt<\/p>\n<p>Jill Stauffer<\/p>\n<p>Friday, September 12 4:15 pm Ena Thompson Room, Crookshank Hall Pomona College<\/p>\n<p><a href=\"https:\/\/colleges.claremont.edu\/religious-studies\/wp-content\/uploads\/sites\/48\/2025\/08\/LRS-Flyer.pdf\">Flyer<\/a><\/p>\n<p>________________________________________________________________________________________________<\/p>\n<p>November 4, 2025 Athenaeum, Claremont McKenna College<\/p>\n<p><span data-olk-copy-source=\"MessageBody\">Dr. Gaston Espinosa: &#8220;Hip-Hop, Spirituality, and Revolution: The Contested Social Visions of Tupac, Ice Cube, Kanye West, Lauryn Hill, and Kendrick Lamar&#8221;<\/span><\/p>\n<p>To attend, rsvp via The Athenaeum webpage:\u00a0<a title=\"Original URL: https:\/\/cmc.edu\/athenaeum\/open-events. Click or tap if you trust this link.\" href=\"https:\/\/nam02.safelinks.protection.outlook.com\/?url=https%3A%2F%2Fcmc.edu%2Fathenaeum%2Fopen-events&amp;data=05%7C02%7Clsales%40scrippscollege.edu%7Ccb1ade9fbc6143a0884008ddd5545be5%7C47274664281d4e3282489661a922b78c%7C0%7C0%7C638901281359178489%7CUnknown%7CTWFpbGZsb3d8eyJFbXB0eU1hcGkiOnRydWUsIlYiOiIwLjAuMDAwMCIsIlAiOiJXaW4zMiIsIkFOIjoiTWFpbCIsIldUIjoyfQ%3D%3D%7C0%7C%7C%7C&amp;sdata=bISfp6fSjbM7L6YWkDoYBQawqDoCNxBsJgkSRlWrSjw%3D&amp;reserved=0\" target=\"_blank\" rel=\"noopener noreferrer\" data-auth=\"NotApplicable\" data-linkindex=\"0\">https:\/\/cmc.edu\/athenaeum\/open-events<\/a><\/p>\n<hr \/>\n<h2>Past Events<\/h2>\n<hr \/>\n<div role=\"presentation\" data-olk-copy-source=\"MessageBody\">Dr. Espinosa directed the &#8220;Religion, Race, Gender and the 2024 Election Conference&#8221; at CMC on October 31, 2024, where the nation&#8217;s top social scientists explored how the largest 10 voting blocks were leaning going into Election Day: Blacks, Latinos, Asians, Jews, Muslims, Women, Seculars, Catholics, Mainline Protestants, and Evangelicals. He also chaired a 2024 Post-Election Symposium on November 7, 2024.<\/div>\n<p><a href=\"https:\/\/colleges.claremont.edu\/religious-studies\/wp-content\/uploads\/sites\/48\/2025\/08\/Kamala-and-Donald.pdf\">Event Flyer<\/a><\/p>\n<p>&nbsp;<\/p>\n<p>Thu, February 29, 2024 Humanities Auditorium, Scripps College<\/p>\n<p>Wicker Lecture: &#8220;Religion, Abortion, and Reproductive Justice in the US after <em>Dobbs<\/em>&#8221;<\/p>\n<p>6pm<br \/>\n<img loading=\"lazy\" decoding=\"async\" class=\"alignnone size-medium wp-image-341 img-fluid\" src=\"https:\/\/colleges.claremont.edu\/religious-studies\/wp-content\/uploads\/sites\/48\/2024\/02\/Wicker-2024-Poster-232x300.png\" alt=\"\" width=\"232\" height=\"300\" srcset=\"https:\/\/colleges.claremont.edu\/religious-studies\/wp-content\/uploads\/sites\/48\/2024\/02\/Wicker-2024-Poster-232x300.png 232w, https:\/\/colleges.claremont.edu\/religious-studies\/wp-content\/uploads\/sites\/48\/2024\/02\/Wicker-2024-Poster-791x1024.png 791w, https:\/\/colleges.claremont.edu\/religious-studies\/wp-content\/uploads\/sites\/48\/2024\/02\/Wicker-2024-Poster-768x994.png 768w, https:\/\/colleges.claremont.edu\/religious-studies\/wp-content\/uploads\/sites\/48\/2024\/02\/Wicker-2024-Poster-70x90.png 70w, https:\/\/colleges.claremont.edu\/religious-studies\/wp-content\/uploads\/sites\/48\/2024\/02\/Wicker-2024-Poster-70x90@2x.png 140w, https:\/\/colleges.claremont.edu\/religious-studies\/wp-content\/uploads\/sites\/48\/2024\/02\/Wicker-2024-Poster.png 927w\" sizes=\"auto, (max-width: 232px) 100vw, 232px\" \/><\/p>\n<p>_______________________________________________________________________<\/p>\n<p>Wed, November 8, 2023 Stanley Patio, Pomona College<\/p>\n<p>Preregistration Event<\/p>\n<p>4:15pm<\/p>\n<p>_______________________________________________________________________<\/p>\n<p>Mon, September 25, 2023, Athenaeum, Claremont McKenna College<\/p>\n<p>Lecture: Some Sacred Lives of Coffee<\/p>\n<p>Prof. Jamel Velji: Associate Professor, Religious Studies, Claremont Mckenna College<\/p>\n<p>Can coffee be religious? Many of us who drink coffee might describe it in terms that are sacred\u2014awakening, invigorating, even eye-opening. The earliest people to popularize the beverage in the 15th century also described it in terms that are strikingly similar to those that we use today. This talk shows how early proponents of the bean argued that it should be part of the sacred landscapes of Islam. I then show how coffee drinking impacted changes in Middle Eastern architecture and ritual. I then consider how knowledge about coffee changed as the beverage took hold in Europe.<\/p>\n<p>Reception: 5:30pm; Dinner: 6:00pm; Lecture: 6:45 Registration for dinner: CMC Athenaeum website Lecture: Open seating<\/p>\n<p>_______________________________________________________________________<\/p>\n<p>Tuesday, October 10, 2023, Athenaeum, Claremont McKenna College<\/p>\n<p>Roundtable: Crescit cum Religione Civitas: Why the Study of Religion Matters<\/p>\n<p>Profs. Gary Gilbert, Esther Chung-Kim, Jamel Velji and Daniel Michon<\/p>\n<p>Join members of the Religious Studies Department for a discussion of the study of religion at the Claremont Colleges. The discussion will highlight the ways in which the study of religion contributes to our understanding of cultures past and present.<\/p>\n<p>Reception: 5:30pm; Dinner: 6:00pm; Lecture: 6:45 Registration for dinner: CMC Athenaeum website Lecture: Open seating<\/p>\n<p>_______________________________________________________________________<\/p>\n<p>Mon, March 4, 2024, Athenaeum, Claremont McKenna College<\/p>\n<p>Kutten Lecture: Gender, race, and Islam in the South Asian diaspora.<\/p>\n<p>Prof. Khoja-Mulji: Hamad bin Khalifa al-Thani Associate Professor of Muslim Societies at Georgetown.<\/p>\n<p>Reception: 5:30pm; Dinner: 6:00pm; Lecture: 6:45 Registration for dinner: CMC Athenaeum website Lecture: Open seating<\/p>\n<p><strong>Preregistration Event<br \/>\n<\/strong><\/p>\n<p>April 6th, 4:15pm, Stanley Patio, Pomona<\/p>\n<p><a href=\"https:\/\/colleges.claremont.edu\/religious-studies\/wp-content\/uploads\/sites\/48\/2023\/04\/RLSTFA23Booklet.pdf\">RLSTFA23Booklet<\/a><\/p>\n<p>&nbsp;<\/p>\n<p><strong>Janet Gyatso Lecture<br \/>\nBeing-With Animals on Planet Earth<br \/>\n<\/strong>Thursday February 23rd @ 4:30pm, Estella Lab, Room 1051, Pomona<\/p>\n<p><img loading=\"lazy\" decoding=\"async\" class=\"alignnone size-medium wp-image-322 img-fluid\" src=\"https:\/\/colleges.claremont.edu\/religious-studies\/wp-content\/uploads\/sites\/48\/2023\/02\/HS-HumanNature-Gyatso-Poster-Final-01-194x300.jpg\" alt=\"\" width=\"194\" height=\"300\" srcset=\"https:\/\/colleges.claremont.edu\/religious-studies\/wp-content\/uploads\/sites\/48\/2023\/02\/HS-HumanNature-Gyatso-Poster-Final-01-194x300.jpg 194w, https:\/\/colleges.claremont.edu\/religious-studies\/wp-content\/uploads\/sites\/48\/2023\/02\/HS-HumanNature-Gyatso-Poster-Final-01-662x1024.jpg 662w, https:\/\/colleges.claremont.edu\/religious-studies\/wp-content\/uploads\/sites\/48\/2023\/02\/HS-HumanNature-Gyatso-Poster-Final-01-768x1188.jpg 768w, https:\/\/colleges.claremont.edu\/religious-studies\/wp-content\/uploads\/sites\/48\/2023\/02\/HS-HumanNature-Gyatso-Poster-Final-01-58x90.jpg 58w, https:\/\/colleges.claremont.edu\/religious-studies\/wp-content\/uploads\/sites\/48\/2023\/02\/HS-HumanNature-Gyatso-Poster-Final-01-58x90@2x.jpg 116w, https:\/\/colleges.claremont.edu\/religious-studies\/wp-content\/uploads\/sites\/48\/2023\/02\/HS-HumanNature-Gyatso-Poster-Final-01.jpg 776w\" sizes=\"auto, (max-width: 194px) 100vw, 194px\" \/><\/p>\n<p>&nbsp;<\/p>\n<p><b>Spring Semester Preregistration Event<br \/>\n<\/b>Wednesday November 2nd @ 4pm, Margaret Fowler Garden, Scripps College<\/p>\n<p>Come meet fellow Religious Studies faculty, majors, minors, and prospective students to learn about the exciting course offerings for the Spring of 2023.<\/p>\n<p><a href=\"https:\/\/colleges.claremont.edu\/religious-studies\/wp-content\/uploads\/sites\/48\/2022\/10\/Preregistration-Event-Flyer-SP23.pptx\">Preregistration Event Flyer SP23<\/a><\/p>\n<p><strong>Kathleen O&#8217;Brien Wicker Lecture<br \/>\nNative American Women&#8217;s Sacred Work: Lessons in Survivance<br \/>\nPanel with In\u00e9s Hern\u00e1ndez \u00c1vila, Natalie \u00c1valos, and Suzanne Crawford O&#8217;Brien<\/strong><\/p>\n<p><strong><a href=\"https:\/\/colleges.claremont.edu\/religious-studies\/wp-content\/uploads\/sites\/48\/2022\/03\/2022-Flyer.pdf\">2022 Flyer<\/a><\/strong><\/p>\n<p>Wed, March 30, 2022, Humanities Auditorium, Scripps College<br \/>\n6:00pm<\/p>\n<p>_______________________________________________________________________<\/p>\n<p><b>Monica Coleman<br \/>\nKutten Lecture<br \/>\nHow Knowledge of African Traditional Religions Created Pandemic Community<\/b><\/p>\n<p>Mon, March 28, 2022, Athenaeum, Claremont McKenna College<br \/>\nReception: 5:30pm; Dinner: 6:00pm; Lecture: 6:45<br \/>\nRegistration for dinner: CMC Athenaeum website<br \/>\nLecture: Open seating<\/p>\n<p>_______________________________________________________________________<\/p>\n<p><strong>Rev. Nikia Smith Robert<br \/>\nChau Mellon Talk<br \/>\nSanctuary Beyond the Criminal Line: The Unlawful Salvation of Black Motherhood<\/strong><strong><br \/>\n<\/strong><\/p>\n<p>Flyer: <a href=\"https:\/\/colleges.claremont.edu\/religious-studies\/wp-content\/uploads\/sites\/48\/2022\/03\/RLST-Chau-Mellon-Talk3.pdf\">RLST Chau Mellon Talk3<\/a><\/p>\n<p>Wed, March 23, 2022, Pearsons Hall, Pomona College<br \/>\n4:15pm<\/p>\n<p><strong>Mark Juergensmeyer: What QAnon and the Taliban Have in Common<br \/>\n<\/strong>Mon, September 20, 2021<br \/>\n<a href=\"https:\/\/www.cmc.edu\/athenaeum\/what-qanon-and-taliban-have-common\">https:\/\/www.cmc.edu\/athenaeum\/what-qanon-and-taliban-have-common<\/a><\/p>\n<p><strong>Terrence L. Johnson: <\/strong><strong>T<\/strong><strong>he Estrangement of Being Without a Name: Critical Race Theo<\/strong><strong>ry, Constitutional Fidelity, and the Politics of Bad Faith<br \/>\n<\/strong>Tue, October 26, 2021<br \/>\n<a href=\"https:\/\/www.cmc.edu\/athenaeum\/estrangement-being-without-name-critical-race-theory-constitutional-fidelity-and-politics\">https:\/\/www.cmc.edu\/athenaeum\/estrangement-being-without-name-critical-race-theory-constitutional-fidelity-and-politics<\/a><\/p>\n<p>&nbsp;<\/p>\n","protected":false},"excerpt":{"rendered":"<p>The Claremont Colleges Intercollegiate Religious Studies Program regularly hosts events (lectures, catering, etc.) that allow students, faculty, and staff from the Five Colleges to mingle and foment a strong sense of community. Stay tuned to this page for upcoming events or to learn about past events. Forthcoming Events no desertion, but revolt Jill Stauffer Friday, [&hellip;]<\/p>\n","protected":false},"author":175,"featured_media":0,"parent":0,"menu_order":3,"comment_status":"closed","ping_status":"closed","template":"","meta":{"_acf_changed":false,"_price":"","_stock":"","_tribe_ticket_header":"","_tribe_default_ticket_provider":"","_tribe_ticket_capacity":"0","_ticket_start_date":"","_ticket_end_date":"","_tribe_ticket_show_description":"","_tribe_ticket_show_not_going":false,"_tribe_ticket_use_global_stock":"","_tribe_ticket_global_stock_level":"","_global_stock_mode":"","_global_stock_cap":"","_tribe_rsvp_for_event":"","_tribe_ticket_going_count":"","_tribe_ticket_not_going_count":"","_tribe_tickets_list":"[]","_tribe_ticket_has_attendee_info_fields":false,"footnotes":""},"class_list":["post-54","page","type-page","status-publish","hentry"],"acf":[],"yoast_head":"<!-- This site is optimized with the Yoast SEO plugin v27.2 - https:\/\/yoast.com\/product\/yoast-seo-wordpress\/ -->\n<title>EVENTS - Intercollegiate Religious Studies Program<\/title>\n<meta name=\"robots\" content=\"index, follow, max-snippet:-1, max-image-preview:large, max-video-preview:-1\" \/>\n<link rel=\"canonical\" href=\"https:\/\/colleges.claremont.edu\/religious-studies\/events\/\" \/>\n<meta property=\"og:locale\" content=\"en_US\" \/>\n<meta property=\"og:type\" content=\"article\" \/>\n<meta property=\"og:title\" content=\"EVENTS - Intercollegiate Religious Studies Program\" \/>\n<meta property=\"og:description\" content=\"The Claremont Colleges Intercollegiate Religious Studies Program regularly hosts events (lectures, catering, etc.) that allow students, faculty, and staff from the Five Colleges to mingle and foment a strong sense of community. Stay tuned to this page for upcoming events or to learn about past events. Forthcoming Events no desertion, but revolt Jill Stauffer Friday, [&hellip;]\" \/>\n<meta property=\"og:url\" content=\"https:\/\/colleges.claremont.edu\/religious-studies\/events\/\" \/>\n<meta property=\"og:site_name\" content=\"Intercollegiate Religious Studies Program\" \/>\n<meta property=\"article:modified_time\" content=\"2025-08-21T17:34:11+00:00\" \/>\n<meta property=\"og:image\" content=\"https:\/\/colleges.claremont.edu\/religious-studies\/wp-content\/uploads\/sites\/48\/2024\/02\/Wicker-2024-Poster.png\" \/>\n\t<meta property=\"og:image:width\" content=\"927\" \/>\n\t<meta property=\"og:image:height\" content=\"1200\" \/>\n\t<meta property=\"og:image:type\" content=\"image\/png\" \/>\n<meta name=\"twitter:card\" content=\"summary_large_image\" \/>\n<meta name=\"twitter:label1\" content=\"Est. reading time\" \/>\n\t<meta name=\"twitter:data1\" content=\"4 minutes\" \/>\n<script type=\"application\/ld+json\" class=\"yoast-schema-graph\">{\"@context\":\"https:\/\/schema.org\",\"@graph\":[{\"@type\":\"WebPage\",\"@id\":\"https:\/\/colleges.claremont.edu\/religious-studies\/events\/\",\"url\":\"https:\/\/colleges.claremont.edu\/religious-studies\/events\/\",\"name\":\"EVENTS - Intercollegiate Religious Studies Program\",\"isPartOf\":{\"@id\":\"https:\/\/colleges.claremont.edu\/religious-studies\/#website\"},\"primaryImageOfPage\":{\"@id\":\"https:\/\/colleges.claremont.edu\/religious-studies\/events\/#primaryimage\"},\"image\":{\"@id\":\"https:\/\/colleges.claremont.edu\/religious-studies\/events\/#primaryimage\"},\"thumbnailUrl\":\"https:\/\/colleges.claremont.edu\/religious-studies\/wp-content\/uploads\/sites\/48\/2024\/02\/Wicker-2024-Poster-232x300.png\",\"datePublished\":\"2021-03-25T18:20:02+00:00\",\"dateModified\":\"2025-08-21T17:34:11+00:00\",\"breadcrumb\":{\"@id\":\"https:\/\/colleges.claremont.edu\/religious-studies\/events\/#breadcrumb\"},\"inLanguage\":\"en-US\",\"potentialAction\":[{\"@type\":\"ReadAction\",\"target\":[\"https:\/\/colleges.claremont.edu\/religious-studies\/events\/\"]}]},{\"@type\":\"ImageObject\",\"inLanguage\":\"en-US\",\"@id\":\"https:\/\/colleges.claremont.edu\/religious-studies\/events\/#primaryimage\",\"url\":\"https:\/\/colleges.claremont.edu\/religious-studies\/wp-content\/uploads\/sites\/48\/2024\/02\/Wicker-2024-Poster.png\",\"contentUrl\":\"https:\/\/colleges.claremont.edu\/religious-studies\/wp-content\/uploads\/sites\/48\/2024\/02\/Wicker-2024-Poster.png\",\"width\":927,\"height\":1200},{\"@type\":\"BreadcrumbList\",\"@id\":\"https:\/\/colleges.claremont.edu\/religious-studies\/events\/#breadcrumb\",\"itemListElement\":[{\"@type\":\"ListItem\",\"position\":1,\"name\":\"Home\",\"item\":\"https:\/\/colleges.claremont.edu\/religious-studies\/\"},{\"@type\":\"ListItem\",\"position\":2,\"name\":\"EVENTS\"}]},{\"@type\":\"WebSite\",\"@id\":\"https:\/\/colleges.claremont.edu\/religious-studies\/#website\",\"url\":\"https:\/\/colleges.claremont.edu\/religious-studies\/\",\"name\":\"Intercollegiate Religious Studies Program\",\"description\":\"Just another CUC Sites site\",\"potentialAction\":[{\"@type\":\"SearchAction\",\"target\":{\"@type\":\"EntryPoint\",\"urlTemplate\":\"https:\/\/colleges.claremont.edu\/religious-studies\/?s={search_term_string}\"},\"query-input\":{\"@type\":\"PropertyValueSpecification\",\"valueRequired\":true,\"valueName\":\"search_term_string\"}}],\"inLanguage\":\"en-US\"}]}<\/script>\n<!-- \/ Yoast SEO plugin. -->","yoast_head_json":{"title":"EVENTS - Intercollegiate Religious Studies Program","robots":{"index":"index","follow":"follow","max-snippet":"max-snippet:-1","max-image-preview":"max-image-preview:large","max-video-preview":"max-video-preview:-1"},"canonical":"https:\/\/colleges.claremont.edu\/religious-studies\/events\/","og_locale":"en_US","og_type":"article","og_title":"EVENTS - Intercollegiate Religious Studies Program","og_description":"The Claremont Colleges Intercollegiate Religious Studies Program regularly hosts events (lectures, catering, etc.) that allow students, faculty, and staff from the Five Colleges to mingle and foment a strong sense of community. Stay tuned to this page for upcoming events or to learn about past events. Forthcoming Events no desertion, but revolt Jill Stauffer Friday, [&hellip;]","og_url":"https:\/\/colleges.claremont.edu\/religious-studies\/events\/","og_site_name":"Intercollegiate Religious Studies Program","article_modified_time":"2025-08-21T17:34:11+00:00","og_image":[{"width":927,"height":1200,"url":"https:\/\/colleges.claremont.edu\/religious-studies\/wp-content\/uploads\/sites\/48\/2024\/02\/Wicker-2024-Poster.png","type":"image\/png"}],"twitter_card":"summary_large_image","twitter_misc":{"Est. reading time":"4 minutes"},"schema":{"@context":"https:\/\/schema.org","@graph":[{"@type":"WebPage","@id":"https:\/\/colleges.claremont.edu\/religious-studies\/events\/","url":"https:\/\/colleges.claremont.edu\/religious-studies\/events\/","name":"EVENTS - Intercollegiate Religious Studies Program","isPartOf":{"@id":"https:\/\/colleges.claremont.edu\/religious-studies\/#website"},"primaryImageOfPage":{"@id":"https:\/\/colleges.claremont.edu\/religious-studies\/events\/#primaryimage"},"image":{"@id":"https:\/\/colleges.claremont.edu\/religious-studies\/events\/#primaryimage"},"thumbnailUrl":"https:\/\/colleges.claremont.edu\/religious-studies\/wp-content\/uploads\/sites\/48\/2024\/02\/Wicker-2024-Poster-232x300.png","datePublished":"2021-03-25T18:20:02+00:00","dateModified":"2025-08-21T17:34:11+00:00","breadcrumb":{"@id":"https:\/\/colleges.claremont.edu\/religious-studies\/events\/#breadcrumb"},"inLanguage":"en-US","potentialAction":[{"@type":"ReadAction","target":["https:\/\/colleges.claremont.edu\/religious-studies\/events\/"]}]},{"@type":"ImageObject","inLanguage":"en-US","@id":"https:\/\/colleges.claremont.edu\/religious-studies\/events\/#primaryimage","url":"https:\/\/colleges.claremont.edu\/religious-studies\/wp-content\/uploads\/sites\/48\/2024\/02\/Wicker-2024-Poster.png","contentUrl":"https:\/\/colleges.claremont.edu\/religious-studies\/wp-content\/uploads\/sites\/48\/2024\/02\/Wicker-2024-Poster.png","width":927,"height":1200},{"@type":"BreadcrumbList","@id":"https:\/\/colleges.claremont.edu\/religious-studies\/events\/#breadcrumb","itemListElement":[{"@type":"ListItem","position":1,"name":"Home","item":"https:\/\/colleges.claremont.edu\/religious-studies\/"},{"@type":"ListItem","position":2,"name":"EVENTS"}]},{"@type":"WebSite","@id":"https:\/\/colleges.claremont.edu\/religious-studies\/#website","url":"https:\/\/colleges.claremont.edu\/religious-studies\/","name":"Intercollegiate Religious Studies Program","description":"Just another CUC Sites site","potentialAction":[{"@type":"SearchAction","target":{"@type":"EntryPoint","urlTemplate":"https:\/\/colleges.claremont.edu\/religious-studies\/?s={search_term_string}"},"query-input":{"@type":"PropertyValueSpecification","valueRequired":true,"valueName":"search_term_string"}}],"inLanguage":"en-US"}]}},"_links":{"self":[{"href":"https:\/\/colleges.claremont.edu\/religious-studies\/wp-json\/wp\/v2\/pages\/54","targetHints":{"allow":["GET"]}}],"collection":[{"href":"https:\/\/colleges.claremont.edu\/religious-studies\/wp-json\/wp\/v2\/pages"}],"about":[{"href":"https:\/\/colleges.claremont.edu\/religious-studies\/wp-json\/wp\/v2\/types\/page"}],"author":[{"embeddable":true,"href":"https:\/\/colleges.claremont.edu\/religious-studies\/wp-json\/wp\/v2\/users\/175"}],"replies":[{"embeddable":true,"href":"https:\/\/colleges.claremont.edu\/religious-studies\/wp-json\/wp\/v2\/comments?post=54"}],"version-history":[{"count":0,"href":"https:\/\/colleges.claremont.edu\/religious-studies\/wp-json\/wp\/v2\/pages\/54\/revisions"}],"wp:attachment":[{"href":"https:\/\/colleges.claremont.edu\/religious-studies\/wp-json\/wp\/v2\/media?parent=54"}],"curies":[{"name":"wp","href":"https:\/\/api.w.org\/{rel}","templated":true}]}}